{"id":45,"date":"2013-04-10T17:38:24","date_gmt":"2013-04-10T15:38:24","guid":{"rendered":"http:\/\/www.muzeum.diecezja.org\/muzeum\/?page_id=45"},"modified":"2022-09-29T09:45:09","modified_gmt":"2022-09-29T07:45:09","slug":"skarbiec","status":"publish","type":"page","link":"http:\/\/www.muzeum.diecezja.org\/muzeum\/nasze-zbiory\/skarbiec\/","title":{"rendered":"Skarbiec"},"content":{"rendered":"<p><span style=\"color: #888888;\">W skarbcu prezentowane s\u0105 wyroby z\u0142otnicze (g\u0142\u00f3wnie paramenty mszalne &#8211; kielichy, monstrancje itp.) z wszystkich epok.<\/span><\/p>\n<p>&nbsp;<\/p>\n","protected":false},"excerpt":{"rendered":"<p>W skarbcu prezentowane s\u0105 wyroby z\u0142otnicze (g\u0142\u00f3wnie paramenty mszalne &#8211; kielichy, monstrancje itp.) z wszystkich epok. &nbsp;<\/p>\n","protected":false},"author":1,"featured_media":0,"parent":47,"menu_order":0,"comment_status":"closed","ping_status":"open","template":"","meta":[],"_links":{"self":[{"href":"http:\/\/www.muzeum.diecezja.org\/muzeum\/wp-json\/wp\/v2\/pages\/45"}],"collection":[{"href":"http:\/\/www.muzeum.diecezja.org\/muzeum\/wp-json\/wp\/v2\/pages"}],"about":[{"href":"http:\/\/www.muzeum.diecezja.org\/muzeum\/wp-json\/wp\/v2\/types\/page"}],"author":[{"embeddable":true,"href":"http:\/\/www.muzeum.diecezja.org\/muzeum\/wp-json\/wp\/v2\/users\/1"}],"replies":[{"embeddable":true,"href":"http:\/\/www.muzeum.diecezja.org\/muzeum\/wp-json\/wp\/v2\/comments?post=45"}],"version-history":[{"count":8,"href":"http:\/\/www.muzeum.diecezja.org\/muzeum\/wp-json\/wp\/v2\/pages\/45\/revisions"}],"predecessor-version":[{"id":2020,"href":"http:\/\/www.muzeum.diecezja.org\/muzeum\/wp-json\/wp\/v2\/pages\/45\/revisions\/2020"}],"up":[{"embeddable":true,"href":"http:\/\/www.muzeum.diecezja.org\/muzeum\/wp-json\/wp\/v2\/pages\/47"}],"wp:attachment":[{"href":"http:\/\/www.muzeum.diecezja.org\/muzeum\/wp-json\/wp\/v2\/media?parent=45"}],"curies":[{"name":"wp","href":"https:\/\/api.w.org\/{rel}","templated":true}]}}

<p><span style="color: #888888;">W skarbcu prezentowane są wyroby złotnicze (głównie paramenty mszalne &#8211; kielichy, monstrancje itp.) z wszystkich epok.</span></p>
<p>&nbsp;</p>

<p>W skarbcu prezentowane są wyroby złotnicze (głównie paramenty mszalne &#8211; kielichy, monstrancje itp.) z wszystkich epok. &nbsp;</p>
