{"id":51,"date":"2013-04-10T17:40:02","date_gmt":"2013-04-10T15:40:02","guid":{"rendered":"http:\/\/www.muzeum.diecezja.org\/muzeum\/?page_id=51"},"modified":"2022-03-02T13:23:24","modified_gmt":"2022-03-02T12:23:24","slug":"pracownia-konserwatorska","status":"publish","type":"page","link":"http:\/\/www.muzeum.diecezja.org\/muzeum\/nasze-zbiory\/pracownia-konserwatorska\/","title":{"rendered":"Pracownia Konserwatorska"},"content":{"rendered":"<p>Muzeum Diecezjalne w Pelplinie dysponuje w\u0142asn\u0105 pracowni\u0105 konserwacji zabytk\u00f3w. W niej poddawane piel\u0119gnacji lub zabiegom odtw\u00f3rczym s\u0105 dzie\u0142a sztuki sakralnej, kt\u00f3re nast\u0119pnie wchodz\u0105 najcz\u0119\u015bciej w sk\u0142ad zasob\u00f3w Muzeum. W g\u0142\u00f3wnej mierze przedmiotem prac s\u0105 zabytki rze\u017abiarskie i malarskie w mniejszym stopniu tkaniny.<\/p>\n","protected":false},"excerpt":{"rendered":"<p>Muzeum Diecezjalne w Pelplinie dysponuje w\u0142asn\u0105 pracowni\u0105 konserwacji zabytk\u00f3w. W niej poddawane piel\u0119gnacji lub zabiegom odtw\u00f3rczym s\u0105 dzie\u0142a sztuki sakralnej, kt\u00f3re nast\u0119pnie wchodz\u0105 najcz\u0119\u015bciej w sk\u0142ad zasob\u00f3w Muzeum. W g\u0142\u00f3wnej mierze przedmiotem prac s\u0105 zabytki rze\u017abiarskie i malarskie w mniejszym stopniu tkaniny.<\/p>\n","protected":false},"author":1,"featured_media":0,"parent":47,"menu_order":0,"comment_status":"closed","ping_status":"open","template":"","meta":[],"_links":{"self":[{"href":"http:\/\/www.muzeum.diecezja.org\/muzeum\/wp-json\/wp\/v2\/pages\/51"}],"collection":[{"href":"http:\/\/www.muzeum.diecezja.org\/muzeum\/wp-json\/wp\/v2\/pages"}],"about":[{"href":"http:\/\/www.muzeum.diecezja.org\/muzeum\/wp-json\/wp\/v2\/types\/page"}],"author":[{"embeddable":true,"href":"http:\/\/www.muzeum.diecezja.org\/muzeum\/wp-json\/wp\/v2\/users\/1"}],"replies":[{"embeddable":true,"href":"http:\/\/www.muzeum.diecezja.org\/muzeum\/wp-json\/wp\/v2\/comments?post=51"}],"version-history":[{"count":4,"href":"http:\/\/www.muzeum.diecezja.org\/muzeum\/wp-json\/wp\/v2\/pages\/51\/revisions"}],"predecessor-version":[{"id":1801,"href":"http:\/\/www.muzeum.diecezja.org\/muzeum\/wp-json\/wp\/v2\/pages\/51\/revisions\/1801"}],"up":[{"embeddable":true,"href":"http:\/\/www.muzeum.diecezja.org\/muzeum\/wp-json\/wp\/v2\/pages\/47"}],"wp:attachment":[{"href":"http:\/\/www.muzeum.diecezja.org\/muzeum\/wp-json\/wp\/v2\/media?parent=51"}],"curies":[{"name":"wp","href":"https:\/\/api.w.org\/{rel}","templated":true}]}}

<p>Muzeum Diecezjalne w Pelplinie dysponuje własną pracownią konserwacji zabytków. W niej poddawane pielęgnacji lub zabiegom odtwórczym są dzieła sztuki sakralnej, które następnie wchodzą najczęściej w skład zasobów Muzeum. W głównej mierze przedmiotem prac są zabytki rzeźbiarskie i malarskie w mniejszym stopniu tkaniny.</p>
